ue
Is 67741 a prime number?
True
Is 91079 composite?
False
Is 59611 prime?
True
Is 35069 a composite number?
False
Is 18485 composite?
True
Is 36265 a prime number?
False
Is 65551 prime?
True
Is 13229 composite?
False
Is 5197 a composite number?
False
Is 59921 a composite number?
False
Is 108739 a prime number?
True
Is 365047 composite?
True
Is 36833 a composite number?
False
Is 1441 a prime number?
False
Is 1973 composite?
False
Is 176977 a composite number?
False
Is 459139 a composite number?
True
Is 5647 prime?
True
Is 17653 prime?
False
Is 7313 prime?
False
Is 33241 prime?
False
Is 449 prime?
True
Is 190601 prime?
False
Is 69457 a prime number?
True
Is 103195 prime?
False
Is 66739 prime?
True
Is 27397 prime?
True
Is 257947 prime?
True
Is 1824827 prime?
True
Is 29695 composite?
True
Is 7555 a prime number?
False
Is 595501 a composite number?
True
Is 34841 a prime number?
True
Is 18041 composite?
False
Is 133141 prime?
False
Is 55753 a prime number?
False
Is 409163 composite?
False
Is 1873337 composite?
False
Is 15877 composite?
False
Is 1016111 a prime number?
True
Is 457951 prime?
False
Is 20005 prime?
False
Is 133241 a composite number?
False
Is 66835 a composite number?
True
Is 175307 composite?
True
Is 334021 composite?
False
Is 1497235 prime?
False
Is 30902 a prime number?
False
Is 1931 prime?
True
Is 6947 prime?
True
Is 1658179 composite?
True
Is 23173 composite?
False
Is 15133 a prime number?
False
Is 47577 a composite number?
True
Is 4903 a composite number?
False
Is 50429 composite?
True
Is 282197 a composite number?
True
Is 1843255 prime?
False
Is 268123 a composite number?
False
Is 38261 composite?
False
Is 267821 a prime number?
False
Is 262001 a composite number?
True
Is 3805 a prime number?
False
Is 3646 prime?
False
Is 991261 composite?
False
Is 1150837 prime?
True
Is 150387 a composite number?
True
Is 966971 prime?
True
Is 55277 a composite number?
True
Is 524039 composite?
True
Is 31067 prime?
False
Is 198313 prime?
True
Is 897517 prime?
True
Is 76079 prime?
True
Is 810091 a composite number?
False
Is 7534 a composite number?
True
Is 4369 a prime number?
False
Is 169123 a prime number?
False
Is 304493 a composite number?
True
Is 27397 composite?
False
Is 27509 composite?
False
Is 953 prime?
True
Is 441751 composite?
False
Is 4759 a prime number?
True
Is 32183 composite?
False
Is 266333 a composite number?
False
Is 4413 a composite number?
True
Is 8889 a prime number?
False
Is 14347 a prime number?
True
Is 7151 a prime number?
True
Is 109097 composite?
False
Is 11246 composite?
True
Is 322387 composite?
True
Is 39359 a prime number?
True
Is 84887 prime?
False
Is 17519 composite?
False
Is 145931 a composite number?
False
Is 472559 a composite number?
False
Is 6691 a prime number?
True
Is 343127 prime?
True
Is 2893133 a composite number?
True
Is 25841 a composite number?
False
Is 211457 prime?
True
Is 14698 a composite number?
True
Is 747977 composite?
False
Is 80713 a prime number?
True
Is 26141 a composite number?
False
Is 6143 prime?
True
Is 9253 a prime number?
False
Is 22733 composite?
True
Is 6679 a prime number?
True
Is 1012219 composite?
True
Is 22917 a composite number?
True
Is 60397 a prime number?
True
Is 592121 prime?
True
Is 44953 a prime number?
True
Is 7321 a composite number?
False
Is 91961 prime?
True
Is 783169 a composite number?
True
Is 8053 prime?
True
Is 5167 composite?
False
Is 6127 a composite number?
True
Is 1121 composite?
True
Is 731495 a composite number?
True
Is 3366503 a composite number?
True
Is 189239 a prime number?
True
Is 45519 prime?
False
Is 127271 a composite number?
False
Is 398413 a composite number?
True
Is 2390819 a prime number?
True
Is 6389 a prime number?
True
Is 2721847 a prime number?
False
Is 1948207 a prime number?
False
Is 313879 a prime number?
True
Is 98269 a composite number?
False
Is 17846 a prime number?
False
Is 187943 composite?
True
Is 2581829 a composite number?
False
Is 361313 composite?
False
Is 518677 composite?
True
Is 2371 composite?
False
Is 398787 composite?
True
Is 9719 a composite number?
False
Is 258691 a prime number?
True
Is 363719 a prime number?
True
Is 8489 composite?
True
Is 1361 a prime number?
True
Is 18883 a prime number?
False
Is 41671 prime?
False
Is 570329 prime?
True
Is 72817 prime?
True
Is 907 a prime number?
True
Is 15253 composite?
True
Is 40343 a prime number?
True
Is 99949 composite?
True
Is 4203359 a prime number?
False
Is 297793 a prime number?
True
Is 6122 a composite number?
True
Is 39467 a prime number?
False
Is 67793 composite?
True
Is 257891 a composite number?
True
Is 4987 prime?
True
Is 17461 prime?
False
Is 2291 prime?
False
Is 55849 a prime number?
True
Is 205589 prime?
True
Is 209407 a prime number?
False
Is 2147 a composite number?
True
Is 104449 a composite number?
True
Is 1454 composite?
True
Is 4621 a prime number?
True
Is 13217 composite?
False
Is 110419 a prime number?
True
Is 407686 a prime number?
False
Is 20707 a prime number?
True
Is 14567 prime?
False
Is 2519257 prime?
False
Is 12381 prime?
False
Is 137699 composite?
False
Is 107533 composite?
True
Is 4666 a prime number?
False
Is 277195 a prime number?
False
Is 48353 composite?
False
Is 45007 composite?
False
Is 1087 a composite number?
False
Is 91177 a composite number?
True
Is 3770963 a composite number?
True
Is 333959 a prime number?
True
Is 47798 a prime number?
False
Is 87211 a composite number?
False
Is 333923 composite?
False
Is 1639 a prime number?
False
Is 202661 a prime number?
True
Is 3637 prime?
True
Is 20279 a prime number?
False
Is 9745 a composite number?
True
Is 39199 a composite number?
False
Is 430649 a composite number?
False
Is 996277 composite?
True
Is 8801 a prime number?
False
Is 3415 composite?
True
Is 40577 a composite number?
False
Is 42593 a prime number?
False
Is 2063129 prime?
True
Is 28211 a composite number?
False
Is 5485589 composite?
False
Is 39454 composite?
True
Is 20283 prime?
False
Is 28321 prime?
False
Is 142927 a composite number?
True
Is 15727 a composite number?
False
Is 56365 composite?
True
Is 153019 composite?
True
Is 100313 a prime number?
True
Is 6983 a composite number?
False
Is 62273 a composite number?
False
Is 348805 composite?
True
Is 5611 composite?
True
Is 18293 prime?
False
Is 3833 prime?
True
Is 618023 a composite number?
True
Is 895 a composite number?
True
Is 216023 prime?
True
Is 119173 a composite number?
False
Is 97919 composite?
False
Is 67478 a prime number?
False
Is 74123 a prime number?
False
Is 19165 a composite number?
True
Is 61823 composite?
True
Is 122443 composite?
False
Is 4499449 prime?
False
Is 4699 prime?
False
Is 40009 composite?
False
Is 88211 composite?
False
Is 3761 composite?
False
Is 12842 a composite number?
True
Is 422987 composite?
False
Is 139 a composite number?
False
Is 11179 a composite number?
True
Is 4681 a composite number?
True
Is 5141 a prime number?
False
Is 1788729 a composite number?
True
Is 1997651 prime?
False
Is 7495 prime?
False
Is 37793 composite?
True
Is 3733 a composite number?
False
Is 2797241 a prime number?
True
Is 207227 composite?
False
Is 31883 a prime number?
True
Is 5227 a prime number?
True
Is 422431 composite?
False
Is 18947 a prime number?
True
Is 86677 composite?
False
Is 9743 prime?
True
Is 34381 composite?
False
Is 86971 a prime number?
False
Is 102607 a composite number?
False
Is 5299 a composite number?
True
Is 14621 a prime number?
True
Is 109913 prime?
True
Is 4967 a prime number?
True
Is 21001 a prime number?
True
Is 26787 composite?
True
Is 2099 prime?
True
Is 856601 composite?
True
Is 51218 composite?
True
Is 621721 prime?
True
Is 20887 composite?
False
Is 846779 composite?
False
Is 13238 a composite number?
True
Is 286973 composite?
False
Is 243877 composite?
True
Is 28889 prime?
False
Is 177649 a composite number?
True
Is 23929 prime?
True
Is 597637 prime?
True
Is 12143 composite?
False
Is 35941 prime?
False
Is 174851 composite?
False
Is 828557 composite?
False
Is 105914 a prime number?
False
Is 3202837 prime?
False
Is 222289 composite?
False
Is 2106773 a prime number?
True
Is 130231 a prime number?
False
Is 237487 prime?
True
Is 27733 a composite number?
False
Is 32063 a prime number?
True
Is 16837 a composite number?
True
Is 114531 prime?
